d(b) = -b + 4. Suppose 3 = 2*n - 3*w, -2*n + 3 + 3 = -2*w. Give d(n).
-2
Let h(w) = w**3 - 4*w**2 - 2*w + 5. Let s(r) be the first derivative of r**4/4 - 4*r**3/3 + 3*r**2/2 - 3*r - 1. Let t be s(2). Let y = -1 - t. Give h(y).
-3
Suppose 3*m - m = 2*s + 14, 5*s = -5*m - 5. Let k(q) = -2 + 1 - 4 + 6*q**m + 4. Calculate k(1).
5
Let l(z) = -6*z**3 + 6*z**2 + z + 6. Let h(v) = v**2 + 1. Let k(o) = -5*h(o) + l(o). Calculate k(-1).
7
Let s = 3 + -2. Let d(w) be the first derivative of w + 1/2*w**2 + s. Give d(-5).
-4
Suppose 0 = 5*x + 5*i, -5*x - i + 12 = -8*x. Let a(o) = -o**2 + 0*o**2 + 4 + 5*o + 2*o**2. Calculate a(x).
-2
Let r(p) be the first derivative of -p**3/3 - p**2/2 - 19*p + 10. Determine r(0).
-19
Suppose 2*r = 2*o + 2, 0*o - 2*o - 14 = -5*r. Let b = -14 - -10. Let h be (b/(-6))/((-1)/o). Let k(g) = -g**2 + 2*g + 3. Calculate k(h).
-5
Suppose 9*j - 4*j - 15 = 0. Let k be 5/15 + (-11)/(-3). Suppose -a = j*a + k. Let y(i) = -5*i**3 - i**2 - 2*i - 1. What is y(a)?
5
Let a(w) = w**2 - w. Let x(m) = -m**2 - m - 3. Let t(f) = 2*a(f) + x(f). What is t(-2)?
7
Suppose 2*v - 17 = -3*z, -4*z + 8*z - 5*v - 15 = 0. Let q(a) = -a + 5. Calculate q(z).
0
Let v(a) = 4*a**2 - 5*a + 6. Suppose -h = 6 - 2. Let i(k) = 2 - 3 + 3*k**2 + 6 - 4*k. Let w(p) = h*v(p) + 5*i(p). What is w(-2)?
-3
Suppose 5*a - 18 - 2 = 0. Let l(w) be the first derivative of -2/3*w**3 + 2 + 0*w + 3*w**2. Give l(a).
-8
Let u(h) = h**2 - 3*h + 2. Suppose 63 = 3*p + 3. Let x(w) = 3*w + 1. Let c be x(3). Suppose 5*q = -b - 0*b + c, p = 5*q - b. Determine u(q).
2
Let o(u) be the third derivative of 0*u - 1/6*u**3 + 0 - 1/120*u**6 + 1/12*u**5 - 1/6*u**4 + 3*u**2. Determine o(4).
-1
Let s(w) = 4*w - 1. Suppose r = -k, -4*r + 5*r = -2*k + 2. Calculate s(r).
-9
Suppose 3*f - 12*y = -10*y - 13, 0 = -5*f - y - 26. Let m(c) = -c**3 - 4*c**2 + 5*c - 5. What is m(f)?
-5
Let v(f) = f**2 - 11*f + 6. Let l be (-384)/(-38) + (-44)/418. What is v(l)?
-4
Let z(l) = -l - 4. Suppose -4*u + 7 = -5, 0 = -4*f + 5*u + 1. Suppose 2*v = -3*i + 22, 2*v = f*v - 10. Suppose -1 = p - i. Calculate z(p).
-7
Let t(g) = -7*g**2 - g. Suppose -2*s - 3 = 15. Let d = s + 27. Suppose -u + d = u + 4*a, -2*a + 12 = -2*u. Give t(u).
-6
Let t be (-6 - (-3 + 0))/1. Let u(x) be the first derivative of -x**2/2 - 2*x - 1. Calculate u(t).
1
Let s(k) = k + 6. Let v = 3 + -9. Let n be s(v). Let t(p) = p - 8. Let x(c) = c - 7. Let u(z) = 3*t(z) - 4*x(z). Determine u(n).
4
Let n(u) = -5*u - 3. Let h(c) = -4*c - 3. Let w(r) = 6*h(r) - 5*n(r). Give w(-3).
-6
Let b(q) = q + 3. Let d be b(0). Let v(r) = 0*r - d*r + 1 + 5*r. Let s be 16/7 + 6/(-21). What is v(s)?
5
Let x(t) = -t**2 - 6*t + 5. Suppose 5*l + 2*s = s, -20 = 5*l - 3*s. Let v be (-2)/(l*1/3). Let h be ((-30)/(-9))/((-4)/v). What is x(h)?
10
Suppose 0*d + 2 = d. Let h be (-4 + 1)*(-25)/(-15). Let n = d + h. Let o(a) = -2*a. Calculate o(n).
6
Let b(t) be the third derivative of -t**4/24 - t**3/2 + 2*t**2. Suppose -3*y = 3*r - 6, -y - 3*r = y - 2. Let s = 0 - y. Determine b(s).
1
Let m(c) = c**2 + 3*c + 5. Let x(v) = v**2 + 4*v + 6. Let j(b) = -4*m(b) + 3*x(b). Determine j(2).
-6
Let d(o) be the third derivative of -o**5/30 + o**4/8 + o**3/6 - 2*o**2. Let c(f) = 3*f**2 - f + f - 2*f - 1. Let h(l) = 3*c(l) + 2*d(l). Calculate h(-1).
4
Let c(u) = -u**3 - u - 1. Let p(g) = 5*g**3 + g**2 + 5*g + 6. Let t(x) = -6*c(x) - p(x). Give t(2).
6
Let y = -20 + 26. Let l(r) = 6*r - 7*r**2 + 4 + 2*r**3 - r**3 - 2. Determine l(y).
2
Let b = 1 + 1/2. Let n(m) be the second derivative of -m - b*m**2 + 0 + 1/6*m**3. Determine n(5).
2
Let l(j) = 0 + 0*j**2 - 2 - j**2. Let b(c) = 2*c**2 + 46*c + 47. Let r be b(-22). What is l(r)?
-11
Let l(r) = -r**3 - 4*r**2 + 3*r + 5. Let g(b) = 2*b + 4. Let f be g(4). Suppose 5*w + 15 = -5*k, f = -4*w - w - 2*k. Let v be (2 - -2)/2*w. Determine l(v).
-7
Suppose 0 = -7*v + 3*v + 8. Suppose t - 16 = -5*i, 4*i - t = -6*t - 4. Suppose 3*j = v*j - i. Let c(w) = -2*w - 3. Give c(j).
5
Let p be 126/(-56) - 1/(-4). Let q be 14/49 - p/(-7). Let k(w) = w + 4. Calculate k(q).
4
Suppose 2*o - 3*o + 5 = 0. Suppose 12 - 2 = -o*t. Let b(q) = q**3 + q**2 + 2*q + 3. Calculate b(t).
-5
Let g(s) = s**2 + 8*s - 2. Let y(j) = -j**2 + 3*j - 6. Let l be y(3). Determine g(l).
-14
Let o = 21 - 23. Let w(a) = a**2 + 3*a + 1. What is w(o)?
-1
Let z(n) = n**3 - 4*n**2 - 6*n + 2. Let w = -11 - -26. Let d = w + -9. Suppose 4*r - d = 14. Give z(r).
-3
Suppose 3*z + 11 = -0*u - 4*u, -3*u - 21 = -2*z. Let d(f) = 14*f - 10. Let s(k) = -5*k + 4. Let g(h) = 4*d(h) + 11*s(h). What is g(z)?
7
Let m(v) be the second derivative of 0 + 4*v**2 + 1/6*v**3 + 4*v. Determine m(-4).
4
Suppose -3 = -2*x + g + 2, 4*g = -4*x + 16. Let l(p) = -4*p**3 - 2*p**3 + x*p**3 + 2*p**3 + 3 - 6*p**2 - 5*p. What is l(-5)?
3
Let i(h) = -2*h**2 + h - 4. Let a be i(3). Let k = 14 + a. Let m(d) = -d + 1. Give m(k).
6
Let c(s) be the second derivative of s**3/2 - 7*s**2/2 + 52*s. Determine c(-6).
-25
Suppose 2*n - 8 = -6*i + 2*i, 0 = -5*i + 5. Suppose -3*h + 18 = -6*h + 2*v, 0 = n*h - 4*v + 20. Let g(z) = -z**2 - 4*z. Calculate g(h).
0
Let z(j) = 3*j**3 - 14*j**2 + 9*j - 7. Let n(g) = -2*g**3 + 7*g**2 - 4*g + 4. Let v(t) = -5*n(t) - 3*z(t). Calculate v(-8).
-7
Let j be 8/((-3)/(3/(-2))). Suppose -j*v + 4*w - 4 = 0, -2*w + w = 5*v - 13. Let x(n) = -4*n + n**3 + 0*n**3 - 1 - n**2 + v*n**2. Give x(-3).
-7
Let u(i) be the second derivative of 1/6*i**4 + 0*i**3 - 2*i - 1/2*i**2 + 0. Suppose -2*v = -4*b - v + 7, 4*b = -v + 9. Calculate u(b).
7
Let h(n) = -n**3 + 4*n**2 - 2*n + 2. Suppose g + 4 - 8 = 0. Give h(g).
-6
Let b(z) = z - z - 2*z. Let f(a) = a**3 + 11*a**2 + 16*a - 20. Let u be f(-9). Calculate b(u).
4
Suppose -3*z - 2*l - 5 = -27, 0 = -4*z - l + 21. Let f = 1 - -1. Let y(s) = 1 + 6 - z - 3*s + s**f. Calculate y(3).
3
Let h(t) = -2 - 1 - 3 - t. Let a(q) = -5*q + 6 - 2*q**3 + q**3 + 0 + 5*q**2 + 2*q**3. Let y be a(-6). What is h(y)?
-6
Let v(b) = 3*b - 2. Let h(q) = -3 - 5*q + 3*q + 3*q + 4. Let j be h(-1). Let t be 3 - 2 - (j + -1). Give v(t).
4
Let n(c) = 7*c - 3 - 1 - c - 3*c. Let x(h) = -h - 1. Let v(u) = n(u) + 2*x(u). What is v(6)?
0
Let n(r) = -7 + 2*r + 4 - 2. Let u(y) = -y**3 + 5*y**2 - 5*y + 1. Let z be u(4). Let g be 4 + z/(-5 + 2). Calculate n(g).
5
Let v(y) = -y**3 - 6*y**2 - 3*y + 2. Let g = 9 - 14. Calculate v(g).
-8
Let i(l) = 4*l**2 + l**2 - 3 - 4*l**2 + 7*l. Determine i(-6).
-9
Let f(z) = z**2 + 3*z + 1. Let i be f(-2). Let u be i/3*0 - 2. Let y(o) be the second derivative of -o**4/4 - 2*o**3/3 - o**2 + 4*o. What is y(u)?
-6
Let p = 5 - 3. Let z(b) = 8*b - b**2 + 0*b**p - 2*b + 2. Give z(5).
7
Let w(o) = -3*o**2 + o + 1. Let i(f) = -f. Suppose 3*q + 3*x + 6 = 5*q, q = 4*x + 13. Let l be i(q). Suppose v - z = -5, -13 = -l*v - 3*z - z. Determine w(v).
-3
Let o(z) = -z**2 - z - 7. Let a = 32 + -32. Calculate o(a).
-7
Let k be 138/12 + (-2)/(-4). Let l(o) = k - o**2 - o - 16 - 4*o. Calculate l(-4).
0
Let q(d) = -12*d**3 + 2*d + 51 - 30 - 22. What is q(1)?
-11
Let p(z) = -6*z - 2. Let c(r) = 13*r + 4. Let n(j) = -2*c(j) - 5*p(j). Determine n(3).
14
Let o(y) = y**3 - 4*y**2 - 5*y + 7. Suppose -14 = -2*m + 5*r + 4, 2*m - r - 10 = 0. Suppose 0 = -4*w + 16 + m. Determine o(w).
7
Suppose 5*t - 2*x + 4 = 0, 2*t + 5*x - 2*x = -13. Let m be t + (9/(-3))/3. Let o(g) = -5*g + 2 + 8*g - 1. Calculate o(m).
-8
Let l(j) be the third derivative of -1/6*j**3 + 0*j - 1/12*j**4 + 0 + 3*j**2. Suppose 0 = 3*i + i - v - 8, 3*v - 12 = 0. Determine l(i).
-7
Let v(s) be the second derivative of -s**6/120 + s**5/40 - s**4/3 + 5*s. Let n(a) be the third derivative of v(a). Determine n(2).
-9
Let w(p) be the third derivative of p**6/120 - 7*p**5/60 + p**4/3 - p**3 + 6*p**2. Let n be w(6). Let q(t) = -t + 5. Calculate q(n).
-1
Let c(u) be the first derivative of -5 + 8/3*u**3 + 0*u**2 + u. What is c(1)?
9
Suppose -2*k + 0*c = -2*c - 30, 5*c - 16 = -2*k. Suppose 0 = 4*x - k + 33. Let p(o) = o**2 + 4*o - 7. Determine p(x).
-2
Suppose 0 = -3*w - 2*w - 10. Let n(a) be the third derivative of a**4/4 - 8*a**2. Determine n(w).
-12
Let v be 0 + -1 - 1*2. Let a(z) = -2*z**2 + 2 + 2 - 4*z + 0*z**2 - 3. Calculate a(v).
-5
Let f = 0 + 2. Suppose -f*n + n + 2 = 0. Let w(t) = 2*t**3 - 4*t**2 + t + 2. Determine w(n).
4
Let w = 4 + 56. Let l be w/5*(-2)/(-